538?
46
Calculate the remainder when 3678800 is divided by 3115.
3100
What is the remainder when 16793223 is divided by 578?
11
Calculate the remainder when 1121150 is divided by 384.
254
What is the remainder when 167108565 is divided by 44?
41
Calculate the remainder when 53313 is divided by 175.
113
What is the remainder when 205731 is divided by 391?
65
Calculate the remainder when 131629 is divided by 1123.
238
Calculate the remainder when 203933 is divided by 16987.
89
What is the remainder when 960803 is divided by 374?
371
What is the remainder when 3232329 is divided by 3232326?
3
What is the remainder when 28190254 is divided by 4698375?
4
What is the remainder when 1882362 is divided by 72?
66
Calculate the remainder when 449703 is divided by 28.
23
Calculate the remainder when 102987 is divided by 2047.
637
Calculate the remainder when 387131 is divided by 43010.
41
Calculate the remainder when 1849480 is divided by 596.
92
Calculate the remainder when 794649 is divided by 144.
57
Calculate the remainder when 1166603 is divided by 10.
3
Calculate the remainder when 1557771 is divided by 141608.
83
Calculate the remainder when 78092 is divided by 225.
17
What is the remainder when 1022062 is divided by 340668?
58
What is the remainder when 628336305 is divided by 114?
111
Calculate the remainder when 496563 is divided by 51.
27
Calculate the remainder when 1299677 is divided by 20961.
95
Calculate the remainder when 464927 is divided by 77348.
839
What is the remainder when 1702821 is divided by 58693?
724
Calculate the remainder when 79717455 is divided by 3249.
3240
What is the remainder when 92053 is divided by 3987?
352
What is the remainder when 4740033 is divided by 417?
411
What is the remainder when 14568189 is divided by 256?
253
What is the remainder when 274580 is divided by 2347?
2328
What is the remainder when 2065107 is divided by 1980?
1947
Calculate the remainder when 516507 is divided by 439.
243
Calculate the remainder when 826912 is divided by 275622.
46
What is the remainder when 13018350 is divided by 13018338?
12
What is the remainder when 159337 is divided by 26501?
331
Calculate the remainder when 96542229 is divided by 227.
37
What is the remainder when 7764289 is divided by 3685?
3679
Calculate the remainder when 17937043 is divided by 427072.
19
Calculate the remainder when 2398803 is divided by 26.
17
Calculate the remainder when 248416 is divided by 34818.
4690
What is the remainder when 11161835 is divided by 5580913?
9
What is the remainder when 5934854 is divided by 539528?
46
Calculate the remainder when 24266 is divided by 3033.
2
What is the remainder when 35141046 is divided by 6960?
6
Calculate the remainder when 5138088 is divided by 856327.
126
What is the remainder when 10740886 is divided by 31?
6
What is the remainder when 11091740 is divided by 113?
112
What is the remainder when 4197636 is divided by 11?
3
Calculate the remainder when 3561397 is divided by 11.
4
Calculate the remainder when 1685051 is divided by 452.
447
Calculate the remainder when 4233347 is divided by 41.
15
Calculate the remainder when 4015 is divided by 1211.
382
What is the remainder when 1180842 is divided by 3262?
3260
Calculate the remainder when 57372301 is divided by 4098021.
7
Calculate the remainder when 943122 is divided by 202.
186
Calculate the remainder when 125791967 is divided by 77938.
35
What is the remainder when 2910002 is divided by 727498?
10
What is the remainder when 1116338 is divided by 12?
2
Calculate the remainder when 497568352 is divided by 118.
112
Calculate the remainder when 1504 is divided by 119.
76
What is the remainder when 172372 is divided by 43066?
108
What is the remainder when 8370 is divided by 5216?
3154
Calculate the remainder when 6621495 is divided by 20.
15
Calculate the remainder when 16134855 is divided by 768326.
9
What is the remainder when 15138584 is divided by 495?
494
Calculate the remainder when 34489672 is divided by 49985.
22
Calculate the remainder when 54273170 is divided by 466.
14
What is the remainder when 2532868 is divided by 531?
529
What is the remainder when 42002 is divided by 196?
58
What is the remainder when 204232689 is divided by 66?
45
Calculate the remainder when 722828 is divided by 8785.
2458
Calculate the remainder when 1448123 is divided by 96539.
38
What is the remainder when 5517463 is divided by 8162?
8113
What is the remainder when 285657 is divided by 543?
39
What is the remainder when 22647041 is divided by 664?
657
What is the remainder when 937634 is divided by 937614?
20
Calculate the remainder when 74246 is divided by 219.
5
What is the remainder when 1493652 is divided by 51505?
7
What is the remainder when 65426 is divided by 21291?
1553
What is the remainder when 25058 is divided by 20141?
4917
What is the remainder when 387370 is divided by 2374?
408
Calculate the remainder when 214312 is divided by 107017.
278
Calculate the remainder when 818717 is divided by 13.
3
What is the remainder when 274318 is divided by 6963?
2761
What is the remainder when 12679 is divided by 697?
133
What is the remainder when 1386811 is divided by 66038?
13
Calculate the remainder when 299853 is divided by 14265.
288
Calculate the remainder when 83150 is divided by 5979.
5423
What is the remainder when 70383001 is divided by 86?
85
Calculate the remainder when 4080310 is divided by 4056.
4030
What is the remainder when 5772294 is divided by 108910?
64
Calculate the remainder when 12335163 is divided by 6167571.
21
What is the remainder when 297094704 is divided by 556?
552
What is the remainder when 8912972 is divided by 2877?
26
What is the remainder when 10752311 is divided by 225?
11
Calculate the remainder when 52662033 is divided by 12.
9
What is the remainder when 85988460 is divided by 28662819?
3
Calculate the remainder when 39831 is divided by 4554.
3399
What is the remainder when 308657 is divided by 51425?
107
What is the remainder when 91302 is divided by 22762?
254
What is the remainder when 276913899 is divided by 4484?
4479
What is the remainder when 6485 is divided by 3174?
137
Calculate the remainder when 7398876 is divided by 43.
38
Calculate the remainder when 6511849 is divided by 13.
6
What is the remainder when 2033208 is divided by 26?
8
Calculate the remainder when 71856771 is divided by 41.
7
Calculate the remainder when 320694494 is divided by 632.
630
What is the remainder when 6220160 is divided by 259173?
8
Calculate the remainder when 133897 is divided by 1879.
488
What is the remainder when 7652012 is divided by 266?
256
Calculate the remainder when 28098404 is divided by 354.
8
Calculate the remainder when 28464983 is divided by 9438.
9413
Calculate the remainder when 1533846 is divided by 510888.
1182
What is the remainder when 846747162 is divided by 34?
10
What is the remainder when 398515 is divided by 119?
103
What is the remainder when 7029600 is divided by 83?
81
Calculate the remainder when 4449733 is divided by 34494.
7
Calculate the remainder when 845240 is divided by 11267.
215
Calculate the remainder when 8735692 is divided by 2474.
2472
Calculate the remainder when 36749556 is divided by 9187375.
56
Calculate the remainder when 4742066 is divided by 46039.
49
What is the remainder when 227477014 is divided by 410?
404
Calculate the remainder when 49904312 is divided by 44.
40
Calculate the remainder when 9092240 is divided by 2216.
2208
Calculate the remainder when 73414 is divided by 23654.
2452
What is the remainder when 22971 is divided by 8982?
5007
Calculate the remainder when 207853 is divided by 18875.
228
Calculate the remainder when 67906 is divided by 85.
76
Calculate the remainder when 29758151 is divided by 35.
31
Calculate the remainder when 2754898 is divided by 14732.
14
Calculate the remainder when 23521869 is divided by 3125.
3119
Calculate the remainder when 39342832 is divided by 2220.
2212
Calculate the remainder when 8217275 is divided by 32.
27
Calculate the remainder when 55481 is divided by 62.
53
Calculate the remainder when 6944987 is divided by 4090.
167
What is the remainder when 345811197 is divided by 560?
557
What is the remainder when 418058 is divided by 62?
54
What